se 10) in base 8?
-3433230
-4162625 (base 8) to base 10
-1107349
What is -261c1 (base 14) in base 8?
-266735
Convert -22110314 (base 6) to base 13.
-1a264b
What is -a9744 (base 12) in base 4?
-312223210
What is -4cc922 (base 13) in base 2?
-111000101000101001001
Convert 54d71 (base 14) to base 8.
621607
3332211332 (base 4) to base 3
1221222110202
-1132364 (base 7) to base 3
-21020112012
What is 1602ba7 (base 12) in base 5?
2121443033
-11010221010201 (base 3) to base 13
-5c1a42
-120243401 (base 5) to base 4
-2013301011
11011110100111101000011 (base 2) to base 14
d7c643
Convert -82261 (base 11) to base 8.
-352443
630332 (base 8) to base 14
562ca
Convert -33809 (base 11) to base 8.
-137375
Convert -100001011110011 (base 2) to base 10.
-17139
1648444 (base 13) to base 12
24a7267
Convert 31215274 (base 8) to base 9.
13418120
Convert -35b3bc (base 15) to base 6.
-131022323
Convert -13c591 (base 13) to base 8.
-1661717
164b6a (base 15) to base 9
2024341
What is 201111120100 (base 3) in base 13?
105954
-410442001 (base 5) to base 3
-10010010102202
-41354231 (base 8) to base 14
-12449a9
276457 (base 11) to base 9
730115
What is 53096 (base 15) in base 4?
1000103133
Convert -552638 (base 10) to base 11.
-348229
What is -479282 (base 10) in base 15?
-97022
What is -1122422 (base 5) in base 14?
-75c6
-604713 (base 12) to base 4
-11232123333
Convert -3567a (base 12) to base 10.
-71806
Convert -15273151 (base 9) to base 11.
-4325982
1634477 (base 9) to base 10
908728
-39ea9 (base 15) to base 5
-21414214
What is 6b28f6 (base 16) in base 12?
2428186
295234a (base 13) to base 9
26651748
What is -31322010 (base 4) in base 2?
-1101111010000100
Convert 1856754 (base 9) to base 11.
651655
What is -33440324 (base 5) in base 14?
-79dd1
-129a6 (base 12) to base 15
-78c9
What is 49272 (base 11) in base 3?
10121012121
What is 10255981 (base 11) in base 9?
41375335
-1496961 (base 12) to base 3
-21212100102201
-6209 (base 13) to base 3
-200120002
Convert 20030000 (base 4) to base 11.
23218
What is 2142262 (base 7) in base 10?
262537
-115194 (base 13) to base 7
-3331425
-14142024 (base 5) to base 4
-203301102
41285 (base 9) to base 12
138b8
Convert -57613 (base 10) to base 9.
-87024
150c60 (base 14) to base 4
2302302310
Convert -65276 (base 11) to base 9.
-154062
-321232132122 (base 4) to base 3
-1001110210222120
Convert 6313117 (base 8) to base 12.
68a4bb
-11a4a5 (base 13) to base 10
-422635
What is 11627243 (base 9) in base 14?
a807d8
What is -ad45d (base 14) in base 6?
-13003403
Convert 1291298 (base 10) to base 15.
1a7918
-110122112 (base 3) to base 11
-6a23
-1e460 (base 16) to base 7
-1024342
What is 1183935 (base 10) in base 5?
300341220
What is 1c006 (base 16) in base 2?
11100000000000110
What is 6200616 (base 7) in base 5?
142133230
122150124 (base 6) to base 8
10750144
-1121042113 (base 5) to base 4
-21212312020
What is -22100122022 (base 3) in base 7?
-1253366
68085 (base 14) to base 5
31040230
7d8d (base 14) to base 5
1200011
Convert 1047238 (base 12) to base 4.
23300102030
Convert -302195 (base 10) to base 3.
-120100112102
48936 (base 11) to base 5
4222330
43519a1 (base 12) to base 11
7250850
What is 7e0b9c (base 15) in base 10?
6026997
Convert 30d62 (base 15) to base 8.
456414
What is 285547 (base 9) in base 4?
222221113
Convert 2176b4 (base 16) to base 10.
2193076
2319c (base 14) to base 13
2cb41
Convert 25aa922 (base 11) to base 7.
53220246
Convert 8554da (base 14) to base 7.
53220563
What is -111565200 (base 7) in base 4?
-121331223213
What is -404132 (base 8) in base 3?
-20202201201
-1139430 (base 12) to base 4
-30220320210
Convert 70ac (base 16) to base 6.
341312
265073 (base 8) to base 16
16a3b
What is -b9101 (base 14) in base 9?
-751727
Convert 9606a4 (base 11) to base 4.
11313201201
What is -a5cc2 (base 13) in base 6?
-10223125
1660050 (base 7) to base 8
706744
Convert -25bda (base 14) to base 9.
-151382
What is 22011212110 (base 3) in base 15?
32a93
115463 (base 9) to base 3
10112112010
-83d5b (base 14) to base 16
-4daed
Convert -205255035 (base 6) to base 13.
-997949
Convert -b0d36e (base 15) to base 12.
-298b9ab
Convert -101011110010100111000 (base 2) to base 7.
-15124326
What is -25315211 (base 7) in base 3?
-11022100020212
What is -12832172 (base 10) in base 9?
-26127378
1674a99 (base 15) to base 7
255456564
-102122022222 (base 4) to base 9
-10064636
Convert 406d6a (base 14) to base 7.
24306463
325a0 (base 12) to base 3
10101020010
Convert 509e5 (base 16) to base 12.
13b119
Convert 11015141 (base 6) to base 16.
50545
Convert 25402 (base 15) to base 16.
1d0f3
Convert 40001006 (base 7) to base 16.
324539
Convert -2222220100111 (base 3) to base 15.
-216c47
What is -122000212022 (base 3) in base 13?
-b9789
20102110202000 (base 3) to base 11
1a22363
111221000 (base 4) to base 10
88640
What is -21288 (base 14) in base 7?
-452331
Convert -131300234 (base 6) to base 5.
-1130331002
What is 4a279 (base 12) in base 2?
11000100011111101
-68180 (base 10) to base 3
-10110112012
What is 22101030230 (base 4) in base 10?
2691884
Convert 325055503 (base 6) to base 5.
2443332433
What is -4b47254 (base 12) in base 3?
-1000210201112001
Convert 163320516 (base 7) to base 13.
23c1c27
10a8b (base 15) to base 7
310352
Convert -16074164 (base 8) to base 16.
-387874
-22ded (base 16) to base 8
-426755
3244750 (base 8) to base 4
3110213220
2203120200 (base 4) to base 5
132403331
-114113 (base 6) to base 8
-23375
What is -578a9 (base 11) in base 6?
-1443025
Convert 10243032 (base 6) to base 7.
2363354
What is 76362 (base 10) in base 4?
102221022
336aef (base 16) to base 4
30312223233
What is -1470774 (base 10) in base 11?
-915018
What is -21012000003 (base 4) in base 8?
-11060003
What is 123635 (base 9) in base 5?
4344001
-205443 (base 8) to base 4
-100230203
What is -80680a (base 11) in base 6?
-43450204
43908 (base 10) to base 6
535140
What is 2100210 (base 5) in base 3?
1202020012
What is 132311214 (base 5) in base 12?
281802
28d19 (base 14) to base 5
11220410
What is 4d848 (base 15) in base 6?
5153135
144a46 (base 16) to base 8
5045106
Convert -102112100103 (base 4) to base 12.
-173b503
What is 2b1c5a (base 14) in base 10?
1503400
-113302312320 (base 4) to base 8
-27626670
-11000111010011111011101 (base 2) to base 7
-106340632
What is -6f8f (base 16) in base 15?
-86de
Convert -73463 (base 8) to base 14.
-b199
-da1012 (base 15) to base 4
-213212203031
Convert 23434524 (base 6) to base 9.
1341407
What is 1301420422 (base 5) in base 7?
35545520
11110001011000 (base 2) to base 8
36130
What is 1001110000010000011 (base 2) in base 10?
319619
Convert 12224166 (base 7) to base 16.
10c3e6
Convert -508a0 (base 15) to base 7.
-2111442
What is -11001111111001111 (base 2) in base 3?
-12102000111
-2255021 (base 7) to base 15
-58b32
Convert 13823a8 (base 11) to base 13.
652022
What is 4637508 (base 9) in base 8?
11435051
What is -7298785 (base 10) in base 6?
-420234401
Convert -110001110101001000010 (base 2) to base 13.
-452298
What is 3321012 (base 8) in base 4?
3122020022
-278283 (base 9) to base 14
-45db8
Convert 201010012112210 (base 3) to base 11.
580a793
What is 241bd (base 15) in base 8?
340721
What is aadb1 (base 14) in base 7?
3343611
Convert 1333d7 (base 15) to base 8.
3411214
Convert 32101023 (base 4) to base 9.
88146
Convert 5be0 (base 15) to base 12.
b3a0
23886a5 (base 11) to base 14
7a2260
113054432 (base 6) to base 10
2107028
2121102021 (base 3) to base 14
149ca
-31624377 (base 8) to base 13
-1529321
Convert 22201011120 (base 3) to base 14.
46698
What is -9e716 (base 15) in base 5?
-112120341
16766351 (base 9) to base 12
29a5a77
Convert -811995 (base 10) to base 14.
-171cb9
55362a (base 11) to base 2
11010111101000001011
-531357 (base 8) to base 6
-3442515
Convert -10321121112 (base 4) to base 5.
-312034140
Convert 215995 (base 14) to base 13.
307265
-4012004 (base 5) to base 16
-f793
155a (base 16) to base 11
411a
Convert 3863b (base 15) to base 2.
101100000000111001
44053 (base 8) to base 7
104602
-10011011001000011101 (base 2) to base 15
-c8416
What is 2141121041 (base 5) in base 7?
54231101
What is 13112504 (base 8) in base 15?
3caab6
Convert 14554a8 (base 11) to base 3.
11200211011212
1566166 (base 8) to base 9
761376
-51562454 (base 8) to base 13
-235c5a3
Conve